culate l(12).
339
Let k(i) = -3*i**2 + 615*i + 11154. Calculate k(-18).
-888
Let n(l) = l**3 - 23*l**2 + 202*l + 102. Calculate n(15).
1332
Let m(p) = p**2 + 75*p - 210. Calculate m(0).
-210
Let l(k) = -40389*k**2 + 80833*k + 6. What is l(2)?
116
Let s(n) = 799024*n - 9588259. Determine s(12).
29
Let k(w) = -w**3 + 9*w**2 + 36*w + 37. Determine k(13).
-171
Let f(v) = -30101*v + 210624. Calculate f(7).
-83
Let u(m) = -m**3 - 15*m**2 - 19*m + 247. Give u(-11).
-28
Let k(d) = -961*d - 8686. Calculate k(-9).
-37
Let o(q) = -853*q + 91244. Give o(107).
-27
Let l(d) = -4592*d + 18478. What is l(4)?
110
Let i(f) = 36144*f + 36156. Calculate i(-1).
12
Let g(o) = o**2 + 16773*o + 117458. Determine g(-7).
96
Let i(z) = -8095*z + 510008. Calculate i(63).
23
Let a(m) = 2402*m - 271370. Give a(113).
56
Let i(c) = c**3 + 13*c**2 - 260*c - 3450. What is i(-13)?
-70
Let b(h) = -h**3 + 137*h**2 - 1730*h + 1017. Determine b(123).
33
Let a(i) = 58025*i + 174062. What is a(-3)?
-13
Let d(l) = 4*l**3 + 411*l**2 + 399*l + 51702. Give d(-103).
-4
Let l(w) = -9*w + 705. Determine l(69).
84
Let w(v) = 4*v**3 - 155*v**2 + 202*v - 3358. What is w(38)?
-14
Let z(l) = -2634*l + 34082. Give z(13).
-160
Let c(w) = -1464*w + 185697. What is c(127)?
-231
Let j(q) = 41*q**3 - 2710*q**2 + 261*q + 244. Determine j(66).
46
Let x(h) = 53254*h - 4207134. Determine x(79).
-68
Let l(p) = p**2 - 30*p - 1038. Give l(52).
106
Let m(s) = -2*s**2 - 6231*s - 18677. What is m(-3)?
-2
Let d(m) = -24*m**2 + 132*m - 102. Determine d(3).
78
Let n(b) = b**3 + 32*b**2 + 197*b. Determine n(0).
0
Let y(j) = -6*j**2 + 127*j - 352. Determine y(11).
319
Let j(n) = -2*n**3 + 4*n**2 + n + 9. Calculate j(-4).
197
Let z(l) = -2*l**2 - 7215*l + 642925. Determine z(87).
82
Let q(w) = 3*w**2 - 2250*w + 19983. Give q(9).
-24
Let g(w) = -272620*w - 5452361. Calculate g(-20).
39
Let s(n) = -9*n - 405. What is s(12)?
-513
Let p(r) = -r**3 - 15*r**2 - 9*r + 51. Determine p(-7).
-278
Let m(c) = 180*c - 2632. What is m(15)?
68
Let v(t) = -3*t**3 - 356*t**2 + 3187*t + 402. Determine v(-127).
-1122
Let a(d) = -1132*d - 52042. Determine a(-46).
30
Let c(y) = 55*y**2 - 1428*y - 1431. Give c(-1).
52
Let b(y) = y**3 + 156*y**2 - 318*y - 258. Calculate b(-158).
58
Let a(z) = -164*z**2 - 1378*z - 1380. Calculate a(-1).
-166
Let g(k) = -2*k**3 - 727*k**2 - 2697*k - 63724. What is g(-360)?
-4
Let h(o) = 95*o**2 - 32398*o + 1149. Calculate h(341).
126
Let x(l) = -269*l - 24664. Determine x(-89).
-723
Let u(g) = 4*g**2 + 1397*g + 35108. Calculate u(-322).
10
Let k(w) = 5984*w - 430838. What is k(72)?
10
Let f(d) = 127*d - 2105. Calculate f(27).
1324
Let n(a) = a**2 - 9275*a - 64977. Determine n(-7).
-3
Let i(w) = 4*w**3 - 47*w**2 + 171*w - 185. Give i(3).
13
Let c(m) = -2*m**2 - 351*m + 179251. Determine c(-400).
-349
Let f(k) = -5159*k - 103187. Determine f(-20).
-7
Let l(u) = -115*u**3 - 460*u**2 - 53*u - 218. What is l(-4)?
-6
Let y(x) = -2*x**2 - 662*x - 23328. Calculate y(-41).
452
Let b(z) = z**3 - 113*z**2 - 2504*z + 99. What is b(-19)?
23
Let m(g) = -g**2 + 257*g - 15699. Determine m(102).
111
Let r(d) = -4*d**3 - 45*d**2 + 3*d + 256. What is r(-11)?
102
Let n(z) = -1535*z + 78402. Give n(51).
117
Let z(d) = 205*d**2 - 2036*d - 154. What is z(10)?
-14
Let r(h) = h**3 - 31*h**2 - 287*h + 478. Give r(-9).
-179
Let n(w) = -43*w**2 - 875*w + 3771. What is n(-24)?
3
Let i(b) = 32004*b + 416048. Calculate i(-13).
-4
Let c(o) = 16*o**2 - 323*o + 1546. Determine c(8).
-14
Let y(z) = z**2 - 2982*z + 108973. Calculate y(37).
8
Let v(f) = -19651*f + 982349. Calculate v(50).
-201
Let l(s) = -s**2 + 1110*s - 101896. Calculate l(101).
13
Let q(l) = -2*l**3 + 115*l**2 + 456*l + 34. Calculate q(-4).
178
Let l(p) = -1525*p - 67440. Calculate l(-44).
-340
Let v(o) = -2457*o + 15765. Give v(6).
1023
Let m(n) = -8*n**3 + 42*n**2 - 28*n - 29. Determine m(3).
49
Let h(b) = -b**3 - 80*b**2 - 1500*b + 34. What is h(-30)?
34
Let y(l) = 1160*l - 12743. What is y(11)?
17
Let j(k) = -6*k**3 - 23*k**2 - 139*k - 206. Give j(-5).
664
Let x(h) = 6*h**2 - 798*h - 19417. Give x(-21).
-13
Let v(a) = -a**3 - 19*a**2 + 963*a + 268. Determine v(23).
199
Let x(n) = n**3 - 83*n**2 - 1928*n - 1019. Give x(102).
1
Let i(w) = 13028*w + 5732327. Calculate i(-440).
7
Let m(f) = -158*f**2 + 1510*f - 38. What is m(10)?
-738
Let w(b) = -6147*b**2 + 190553*b + 126. What is w(31)?
2
Let w(z) = 8019*z - 88213. Give w(11).
-4
Let b(y) = -4*y**2 - 198*y - 1765. Determine b(-34).
343
Let n(g) = g**3 - 18*g**2 - 197*g + 3539. Give n(18).
-7
Let j(g) = 31*g**2 - 637*g + 1303. Calculate j(20).
963
Let n(a) = 5394*a + 70353. What is n(-13)?
231
Let a(t) = -1405*t**2 - 4216*t - 68. What is a(-3)?
-65
Let a(v) = 29*v**3 + 2*v**2 - 23*v - 84. Determine a(-4).
-1816
Let m(h) = -h**3 - 27*h**2 - 52*h + 693. Give m(-23).
-227
Let h(y) = -4*y**3 - 43*y**2 - 37*y - 339. What is h(-11)?
189
Let q(y) = 22551*y + 518695. What is q(-23)?
22
Let f(k) = 923*k + 30433. Determine f(-33).
-26
Let v(g) = -3*g**2 + 3745*g - 29808. Calculate v(8).
-40
Let y(g) = -14*g**2 - 518*g - 14. What is y(-37)?
-14
Let r(w) = -w**3 - 73*w**2 + 474*w + 39242. Give r(-72).
-70
Let v(z) = -2*z**2 + 914*z + 18061. Calculate v(-19).
-27
Let g(f) = -f**3 - 453*f**2 + 13987*f + 4332. Give g(-482).
-6
Let z(n) = -3145*n + 43991. Calculate z(14).
-39
Let f(y) = -371*y + 8713. What is f(23)?
180
Let r(l) = 8290*l + 74576. Calculate r(-9).
-34
Let j(t) = -216*t - 13311. Calculate j(-62).
81
Let z(j) = j**3 - 103*j**2 - 277*j + 7260. Give z(105).
225
Let t(n) = -3284*n - 62572. Determine t(-19).
-176
Let v(g) = -65*g**2 + 26792*g - 31698. Determine v(411).
-51
Let h(i) = 18*i + 2030. Determine h(29).
2552
Let f(z) = 2*z**3 + 49*z**2 + 70*z - 306. Give f(-24).
-1410
Let c(k) = 33331*k - 366683. Give c(11).
-42
Let p(v) = -4*v**3 - 44*v**2 + 98*v + 481. Give p(-12).
-119
Let l(o) = -2*o**3 - 1084*o**2 - 26*o - 14096. Calculate l(-542).
-4
Let q(m) = -4*m**2 + 3358*m - 112625. Give q(35).
5
Let i(j) = -1679*j - 91. Calculate i(-1).
1588
Let z(m) = -167*m**2 + 1994*m + 207. Determine z(12).
87
Let n(a) = a**2 + 16901*a + 50683. Calculate n(-3).
-11
Let j(t) = 51*t**2 - 98*t - 1. Give j(-4).
1207
Let u(g) = 199*g + 91. Give u(-1).
-108
Let s(c) = -73*c**2 + 407*c - 816. Give s(2).
-294
Let b(l) = -l**3 + 20*l**2 + 97*l - 1400. Give b(13).
1044
Let h(u) = -3*u**2 + 583*u - 1163. Calculate h(183).
5059
Let m(h) = -7*h**3 + 105*h**2 - 3295*h + 49431. Determine m(15).
6
Let v(j) = -54949*j + 4450869. What is v(81)?
0
Let w(n) = -30345*n + 1851055. What is w(61)?
10
Let z(d) = 113*d**2 - 15483*d + 230. Give z(137).
-44
Let q(v) = -405*v + 207798. Calculate q(513).
33
Let c(m) = 5161*m**2 - 299333*m - 315. What is c(58)?
-25
Let x(c) = -669*c + 889. Determine x(0).
889
Let k(y) = -67*y**2 - 1230*y - 66. Calculate k(-18).
366
Let o(r) = -4089*r - 2400312. Give o(-587).
-69
Let j(u) = 2*u**3 + 18*u**2 + 36*u - 498. What is j(4)?
62
Let o(f) = f**3 - 31*f**2 - 332*f + 279. Give o(-9).
27
Let w(x) = -x**3 + 83*x**2 + 18894*x - 4444. What is w(185)?
-4
Let o(k) = 8*k**2 - 246*k - 8846. Determine o(52).
-6
Let u(m) = m**3 + 6*m**2 + 174*m + 1598. Give u(-8).
78
Let a(z) = 171663*z**2 + 858315*z - 5. What is a(-5)?
-5
Let y(c) = -606*c + 251597. What is y(415)?
107
Let b(x) = -671*x - 176465. What is b(-263)?
8
Let s(m) = -1644*m - 57541. What is s(-35)?
-1
Let m(x) = 2*x**3 - 554*x**2 + 26047*x - 1521. Determine m(217).
-2
Let z(g) = -482*g + 26996. Determine z(56).
4
Let i(r) = -214*r + 29106. Calculate i(137).
-212
Let q(p) = -p**3 + 3*p**2 + 74*p + 138. What is q(-4)?
-46
Let c(s) = -2*s**2 + 148*s - 231. Calculate c(76).
-535
Let x(f) = -2*f**2 + 477*f - 16522. Determine x(42).
-16
Let i(u) = -2*u**3 + u**2 - 1817*u + 10. Calculate i(0).
10
Let h(i) = i**3 + 47*i**2 - 661*i + 28. What is h(12)?
592
Let s(b) = b**3 + 101*b**2 - 9112*b - 32873. What is s(60)?
7
Let h(o) = -1749*o - 17492. Calculate h(-10).
-2
Let n(a) = 2*a**2 + 42*a - 25905. What is n(103)?
-361
Let r(f) = -f**3 + 19*f**2 - 114*f + 1791. What is r(19)?
-375
Let k(i) = 3*i**2 + 6130*i + 3069773. Give k(-1165).
-2
Let o(r) = 2*r**3 - 490*r**2 - 5*r + 1234. Determine o(245).
9
Let i(w) = -29*w**2 - 897*w - 27. What is i(-31)?
-89
Let t(g) = g**3 - 210*g**2 + 690*